{"id":123,"date":"2024-06-04T20:59:16","date_gmt":"2024-06-04T18:59:16","guid":{"rendered":"https:\/\/www.vanessaguillou.fr\/?page_id=123"},"modified":"2025-02-12T19:01:35","modified_gmt":"2025-02-12T18:01:35","slug":"prestations","status":"publish","type":"page","link":"https:\/\/www.vanessaguillou.fr\/index.php\/prestations\/","title":{"rendered":"Consultations individuelles"},"content":{"rendered":"\n<p><\/p>\n\n\n\n<h1 class=\"wp-block-heading\">Consultations individuelles<\/h1>\n\n\n\n<p>Les consultations di\u00e9t\u00e9tiques individuelles auront lieu <strong>au cabinet, \u00e0 domicile ou en ligne<\/strong>. <\/p>\n\n\n\n<p>Le tarif varie selon s\u2019il s\u2019agit d\u2019un bilan initial ou d\u2019un suivi. La <strong>consultation di\u00e9t\u00e9tique<\/strong> n\u2019est pas rembours\u00e9e par la s\u00e9curit\u00e9 sociale, mais il y a une possibilit\u00e9 de prise en charge par votre mutuelle. <\/p>\n\n\n\n<p><strong>Vous pouvez venir, adress\u00e9 par votre m\u00e9decin ou de votre propre initiative.<\/strong> <\/p>\n\n\n\n<blockquote class=\"wp-block-quote is-layout-flow wp-block-quote-is-layout-flow\">\n<p>Votre bien-\u00eatre commence ici : Prenez le contr\u00f4le de votre alimentation avec un accompagnement personnalis\u00e9<\/p>\n<\/blockquote>\n\n\n\n<h2 class=\"wp-block-heading\"><strong>Un bilan nutritionnel complet pour comprendre vos besoins<\/strong><\/h2>\n\n\n\n<ul class=\"wp-block-list\">\n<li>1h-1h15<\/li>\n\n\n\n<li>60 \u20ac<\/li>\n\n\n\n<li>pour un bilan en couple : 1h30, 100\u20ac<\/li>\n<\/ul>\n\n\n\n<p>Lors de notre premi\u00e8re rencontre, d&rsquo;une dur\u00e9e d&rsquo;environ 1 heure \u00e0 1 heure 15, nous apprendrons \u00e0 nous conna\u00eetre et je r\u00e9aliserai un bilan complet de votre situation. Nous parlerons de vos attentes, de votre \u00e9tat de sant\u00e9 actuel, de votre mode de vie (travail, famille, activit\u00e9 physique, loisirs&#8230;), de vos ant\u00e9c\u00e9dents m\u00e9dicaux et chirurgicaux, de vos traitements en cours, de votre dernier bilan sanguin, de votre histoire pond\u00e9rale et de vos habitudes alimentaires.<\/p>\n\n\n\n<figure class=\"wp-block-image size-full\"><img fetchpriority=\"high\" decoding=\"async\" width=\"1024\" height=\"1024\" src=\"https:\/\/www.vanessaguillou.fr\/wp-content\/uploads\/2024\/06\/1cfc9c1a-719a-430b-aaa9-c5f8833e6a3e.jpg\" alt=\"\" class=\"wp-image-179\" srcset=\"https:\/\/www.vanessaguillou.fr\/wp-content\/uploads\/2024\/06\/1cfc9c1a-719a-430b-aaa9-c5f8833e6a3e.jpg 1024w, https:\/\/www.vanessaguillou.fr\/wp-content\/uploads\/2024\/06\/1cfc9c1a-719a-430b-aaa9-c5f8833e6a3e-300x300.jpg 300w, https:\/\/www.vanessaguillou.fr\/wp-content\/uploads\/2024\/06\/1cfc9c1a-719a-430b-aaa9-c5f8833e6a3e-150x150.jpg 150w, https:\/\/www.vanessaguillou.fr\/wp-content\/uploads\/2024\/06\/1cfc9c1a-719a-430b-aaa9-c5f8833e6a3e-768x768.jpg 768w, https:\/\/www.vanessaguillou.fr\/wp-content\/uploads\/2024\/06\/1cfc9c1a-719a-430b-aaa9-c5f8833e6a3e-600x600.jpg 600w\" sizes=\"(max-width: 1024px) 100vw, 1024px\" \/><\/figure>\n\n\n\n<p>Ces informations me permettront d&rsquo;\u00e9valuer vos besoins nutritionnels, d&rsquo;\u00e9tablir un diagnostic di\u00e9t\u00e9tique pr\u00e9cis et de d\u00e9finir avec vous des objectifs personnalis\u00e9s. Ensemble, nous \u00e9laborerons un programme alimentaire adapt\u00e9 \u00e0 vos besoins et \u00e0 vos go\u00fbts, assorti de conseils pratiques et concrets pour vous aider \u00e0 les atteindre.<\/p>\n\n\n\n<p>En vue de cette premi\u00e8re consultation, je vous demanderai d&rsquo;apporter un bilan sanguin datant de moins de 3 mois. Vous pourrez \u00e9galement remplir un questionnaire de pr\u00e9-consultation que je vous fournirai au pr\u00e9alable afin d&rsquo;avoir davantage de temps pour discuter de vos attentes lors de notre premi\u00e8re rencontre.<\/p>\n\n\n\n<h2 class=\"wp-block-heading\"><strong>Un suivi individualis\u00e9 pour vous accompagner vers le succ\u00e8s<\/strong><\/h2>\n\n\n\n<ul class=\"wp-block-list\">\n<li>30-45 mn<\/li>\n\n\n\n<li>40 \u20ac<\/li>\n\n\n\n<li>pour un suivi en couple : 60\u20ac<\/li>\n<\/ul>\n\n\n\n<p>Les consultations de suivi, d&rsquo;une dur\u00e9e de 30 \u00e0 45 minutes, nous permettront de faire le point sur vos progr\u00e8s, d&rsquo;aborder les \u00e9ventuelles difficult\u00e9s rencontr\u00e9es et de c\u00e9l\u00e9brer vos r\u00e9ussites. Nous r\u00e9\u00e9valuerons ensemble vos objectifs et ajusterons votre programme alimentaire si n\u00e9cessaire.<\/p>\n\n\n\n<h3 class=\"wp-block-heading has-background\" style=\"background-color:#13425a\">Je serai l\u00e0 pour vous soutenir et vous motiver tout au long de votre d\u00e9marche, en r\u00e9pondant \u00e0 vos questions et en vous apportant des conseils individualis\u00e9s.<\/h3>\n\n\n\n<p>Je peux \u00e9galement vous proposer des exercices de pleine conscience ou d&rsquo;hypnose pour vous aider \u00e0 mieux g\u00e9rer vos \u00e9motions et vos comportements alimentaires.<\/p>\n\n\n\n<p><\/p>\n\n\n\n<h2 class=\"wp-block-heading\">Conseil di\u00e9t\u00e9tique<\/h2>\n\n\n\n<p>Vous avez une question concernant la di\u00e9t\u00e9tique ou l\u2019alimentation\u00a0? Vous souhaitez simplement obtenir l\u2019avis d\u2019un professionnel de sant\u00e9\u00a0? sans forc\u00e9ment passer par un bilan complet et un suivi sur la dur\u00e9e, je vous propose une formule simple et rapide : un entretien individuel court par visio ou directement au cabinet<\/p>\n\n\n\n<ul class=\"wp-block-list\">\n<li>20-30 mn<\/li>\n\n\n\n<li>20 \u20ac\/ s\u00e9ance<\/li>\n<\/ul>\n\n\n\n<p><\/p>\n\n\n\n<h3 class=\"wp-block-heading has-background\" style=\"background-color:#13425a\"><strong>N&rsquo;attendez plus pour prendre soin de vous !<\/strong><\/h3>\n\n\n\n<h4 class=\"wp-block-heading\">Contactez-moi d\u00e8s aujourd&rsquo;hui pour convenir d&rsquo;un rendez-vous et faire le premier pas vers une alimentation plus saine et un bien-\u00eatre retrouv\u00e9.<\/h4>\n","protected":false},"excerpt":{"rendered":"<p>Consultations individuelles Les consultations di\u00e9t\u00e9tiques individuelles auront lieu au cabinet, \u00e0 domicile ou en ligne. Le tarif varie selon s\u2019il s\u2019agit d\u2019un bilan initial ou d\u2019un suivi. La consultation di\u00e9t\u00e9tique n\u2019est pas rembours\u00e9e par la s\u00e9curit\u00e9 sociale, mais il y a une possibilit\u00e9 de prise en charge par votre mutuelle. Vous pouvez venir, adress\u00e9 par [&hellip;]<\/p>\n","protected":false},"author":1,"featured_media":0,"parent":0,"menu_order":0,"comment_status":"closed","ping_status":"closed","template":"","meta":{"ocean_post_layout":"","ocean_both_sidebars_style":"","ocean_both_sidebars_content_width":0,"ocean_both_sidebars_sidebars_width":0,"ocean_sidebar":"","ocean_second_sidebar":"","ocean_disable_margins":"enable","ocean_add_body_class":"","ocean_shortcode_before_top_bar":"","ocean_shortcode_after_top_bar":"","ocean_shortcode_before_header":"","ocean_shortcode_after_header":"","ocean_has_shortcode":"","ocean_shortcode_after_title":"","ocean_shortcode_before_footer_widgets":"","ocean_shortcode_after_footer_widgets":"","ocean_shortcode_before_footer_bottom":"","ocean_shortcode_after_footer_bottom":"","ocean_display_top_bar":"default","ocean_display_header":"default","ocean_header_style":"","ocean_center_header_left_menu":"","ocean_custom_header_template":"","ocean_custom_logo":0,"ocean_custom_retina_logo":0,"ocean_custom_logo_max_width":0,"ocean_custom_logo_tablet_max_width":0,"ocean_custom_logo_mobile_max_width":0,"ocean_custom_logo_max_height":0,"ocean_custom_logo_tablet_max_height":0,"ocean_custom_logo_mobile_max_height":0,"ocean_header_custom_menu":"","ocean_menu_typo_font_family":"","ocean_menu_typo_font_subset":"","ocean_menu_typo_font_size":0,"ocean_menu_typo_font_size_tablet":0,"ocean_menu_typo_font_size_mobile":0,"ocean_menu_typo_font_size_unit":"px","ocean_menu_typo_font_weight":"","ocean_menu_typo_font_weight_tablet":"","ocean_menu_typo_font_weight_mobile":"","ocean_menu_typo_transform":"","ocean_menu_typo_transform_tablet":"","ocean_menu_typo_transform_mobile":"","ocean_menu_typo_line_height":0,"ocean_menu_typo_line_height_tablet":0,"ocean_menu_typo_line_height_mobile":0,"ocean_menu_typo_line_height_unit":"","ocean_menu_typo_spacing":0,"ocean_menu_typo_spacing_tablet":0,"ocean_menu_typo_spacing_mobile":0,"ocean_menu_typo_spacing_unit":"","ocean_menu_link_color":"","ocean_menu_link_color_hover":"","ocean_menu_link_color_active":"","ocean_menu_link_background":"","ocean_menu_link_hover_background":"","ocean_menu_link_active_background":"","ocean_menu_social_links_bg":"","ocean_menu_social_hover_links_bg":"","ocean_menu_social_links_color":"","ocean_menu_social_hover_links_color":"","ocean_disable_title":"default","ocean_disable_heading":"default","ocean_post_title":"","ocean_post_subheading":"","ocean_post_title_style":"","ocean_post_title_background_color":"","ocean_post_title_background":0,"ocean_post_title_bg_image_position":"","ocean_post_title_bg_image_attachment":"","ocean_post_title_bg_image_repeat":"","ocean_post_title_bg_image_size":"","ocean_post_title_height":0,"ocean_post_title_bg_overlay":0.5,"ocean_post_title_bg_overlay_color":"","ocean_disable_breadcrumbs":"default","ocean_breadcrumbs_color":"","ocean_breadcrumbs_separator_color":"","ocean_breadcrumbs_links_color":"","ocean_breadcrumbs_links_hover_color":"","ocean_display_footer_widgets":"default","ocean_display_footer_bottom":"default","ocean_custom_footer_template":"","footnotes":""},"class_list":["post-123","page","type-page","status-publish","hentry","entry"],"yoast_head":"<!-- This site is optimized with the Yoast SEO plugin v26.2 - https:\/\/yoast.com\/wordpress\/plugins\/seo\/ -->\n<title>Consultations individuelles - Vanessa Guillou<\/title>\n<meta name=\"description\" content=\"Les consultations di\u00e9t\u00e9tiques individuelles ont lieu au cabinet, \u00e0 domicile ou en ligne. Elles commencent par un bilan nutritionnel complet pour comprendre vos besoins\" \/>\n<meta name=\"robots\" content=\"index, follow, max-snippet:-1, max-image-preview:large, max-video-preview:-1\" \/>\n<link rel=\"canonical\" href=\"https:\/\/www.vanessaguillou.fr\/index.php\/prestations\/\" \/>\n<meta property=\"og:locale\" content=\"fr_FR\" \/>\n<meta property=\"og:type\" content=\"article\" \/>\n<meta property=\"og:title\" content=\"Consultations individuelles - Vanessa Guillou\" \/>\n<meta property=\"og:description\" content=\"Les consultations di\u00e9t\u00e9tiques individuelles ont lieu au cabinet, \u00e0 domicile ou en ligne. Elles commencent par un bilan nutritionnel complet pour comprendre vos besoins\" \/>\n<meta property=\"og:url\" content=\"https:\/\/www.vanessaguillou.fr\/index.php\/prestations\/\" \/>\n<meta property=\"og:site_name\" content=\"Vanessa Guillou\" \/>\n<meta property=\"article:publisher\" content=\"https:\/\/www.facebook.com\/VanessaGuillouDieteticienneNutritionniste\" \/>\n<meta property=\"article:modified_time\" content=\"2025-02-12T18:01:35+00:00\" \/>\n<meta property=\"og:image\" content=\"https:\/\/www.vanessaguillou.fr\/wp-content\/uploads\/2024\/06\/1cfc9c1a-719a-430b-aaa9-c5f8833e6a3e.jpg\" \/>\n\t<meta property=\"og:image:width\" content=\"1024\" \/>\n\t<meta property=\"og:image:height\" content=\"1024\" \/>\n\t<meta property=\"og:image:type\" content=\"image\/jpeg\" \/>\n<meta name=\"twitter:card\" content=\"summary_large_image\" \/>\n<meta name=\"twitter:label1\" content=\"Dur\u00e9e de lecture estim\u00e9e\" \/>\n\t<meta name=\"twitter:data1\" content=\"3 minutes\" \/>\n<script type=\"application\/ld+json\" class=\"yoast-schema-graph\">{\"@context\":\"https:\/\/schema.org\",\"@graph\":[{\"@type\":\"WebPage\",\"@id\":\"https:\/\/www.vanessaguillou.fr\/index.php\/prestations\/\",\"url\":\"https:\/\/www.vanessaguillou.fr\/index.php\/prestations\/\",\"name\":\"Consultations individuelles - Vanessa Guillou\",\"isPartOf\":{\"@id\":\"https:\/\/www.vanessaguillou.fr\/#website\"},\"primaryImageOfPage\":{\"@id\":\"https:\/\/www.vanessaguillou.fr\/index.php\/prestations\/#primaryimage\"},\"image\":{\"@id\":\"https:\/\/www.vanessaguillou.fr\/index.php\/prestations\/#primaryimage\"},\"thumbnailUrl\":\"https:\/\/www.vanessaguillou.fr\/wp-content\/uploads\/2024\/06\/1cfc9c1a-719a-430b-aaa9-c5f8833e6a3e.jpg\",\"datePublished\":\"2024-06-04T18:59:16+00:00\",\"dateModified\":\"2025-02-12T18:01:35+00:00\",\"description\":\"Les consultations di\u00e9t\u00e9tiques individuelles ont lieu au cabinet, \u00e0 domicile ou en ligne. Elles commencent par un bilan nutritionnel complet pour comprendre vos besoins\",\"breadcrumb\":{\"@id\":\"https:\/\/www.vanessaguillou.fr\/index.php\/prestations\/#breadcrumb\"},\"inLanguage\":\"fr-FR\",\"potentialAction\":[{\"@type\":\"ReadAction\",\"target\":[\"https:\/\/www.vanessaguillou.fr\/index.php\/prestations\/\"]}]},{\"@type\":\"ImageObject\",\"inLanguage\":\"fr-FR\",\"@id\":\"https:\/\/www.vanessaguillou.fr\/index.php\/prestations\/#primaryimage\",\"url\":\"https:\/\/www.vanessaguillou.fr\/wp-content\/uploads\/2024\/06\/1cfc9c1a-719a-430b-aaa9-c5f8833e6a3e.jpg\",\"contentUrl\":\"https:\/\/www.vanessaguillou.fr\/wp-content\/uploads\/2024\/06\/1cfc9c1a-719a-430b-aaa9-c5f8833e6a3e.jpg\",\"width\":1024,\"height\":1024},{\"@type\":\"BreadcrumbList\",\"@id\":\"https:\/\/www.vanessaguillou.fr\/index.php\/prestations\/#breadcrumb\",\"itemListElement\":[{\"@type\":\"ListItem\",\"position\":1,\"name\":\"Accueil\",\"item\":\"https:\/\/www.vanessaguillou.fr\/\"},{\"@type\":\"ListItem\",\"position\":2,\"name\":\"Consultations individuelles\"}]},{\"@type\":\"WebSite\",\"@id\":\"https:\/\/www.vanessaguillou.fr\/#website\",\"url\":\"https:\/\/www.vanessaguillou.fr\/\",\"name\":\"Vanessa Guillou, Di\u00e9t\u00e9ticienne nutrionniste\",\"description\":\"Di\u00e9t\u00e9ticienne nutrionniste \u00e0 Plouhinec, Cap Sizun, Finist\u00e8re\",\"publisher\":{\"@id\":\"https:\/\/www.vanessaguillou.fr\/#organization\"},\"alternateName\":\"Vanessa Guillou\",\"potentialAction\":[{\"@type\":\"SearchAction\",\"target\":{\"@type\":\"EntryPoint\",\"urlTemplate\":\"https:\/\/www.vanessaguillou.fr\/?s={search_term_string}\"},\"query-input\":{\"@type\":\"PropertyValueSpecification\",\"valueRequired\":true,\"valueName\":\"search_term_string\"}}],\"inLanguage\":\"fr-FR\"},{\"@type\":\"Organization\",\"@id\":\"https:\/\/www.vanessaguillou.fr\/#organization\",\"name\":\"Vanessa Guillou di\u00e9t\u00e9ticienne nutritionniste\",\"alternateName\":\"Vanessa Guillou Diet 29\",\"url\":\"https:\/\/www.vanessaguillou.fr\/\",\"logo\":{\"@type\":\"ImageObject\",\"inLanguage\":\"fr-FR\",\"@id\":\"https:\/\/www.vanessaguillou.fr\/#\/schema\/logo\/image\/\",\"url\":\"https:\/\/www.vanessaguillou.fr\/wp-content\/uploads\/2024\/07\/cropped-LOGO-rectangle-avec-Titre-scaled-1.jpg\",\"contentUrl\":\"https:\/\/www.vanessaguillou.fr\/wp-content\/uploads\/2024\/07\/cropped-LOGO-rectangle-avec-Titre-scaled-1.jpg\",\"width\":2559,\"height\":702,\"caption\":\"Vanessa Guillou di\u00e9t\u00e9ticienne nutritionniste\"},\"image\":{\"@id\":\"https:\/\/www.vanessaguillou.fr\/#\/schema\/logo\/image\/\"},\"sameAs\":[\"https:\/\/www.facebook.com\/VanessaGuillouDieteticienneNutritionniste\"]}]}<\/script>\n<!-- \/ Yoast SEO plugin. -->","yoast_head_json":{"title":"Consultations individuelles - Vanessa Guillou","description":"Les consultations di\u00e9t\u00e9tiques individuelles ont lieu au cabinet, \u00e0 domicile ou en ligne. Elles commencent par un bilan nutritionnel complet pour comprendre vos besoins","robots":{"index":"index","follow":"follow","max-snippet":"max-snippet:-1","max-image-preview":"max-image-preview:large","max-video-preview":"max-video-preview:-1"},"canonical":"https:\/\/www.vanessaguillou.fr\/index.php\/prestations\/","og_locale":"fr_FR","og_type":"article","og_title":"Consultations individuelles - Vanessa Guillou","og_description":"Les consultations di\u00e9t\u00e9tiques individuelles ont lieu au cabinet, \u00e0 domicile ou en ligne. Elles commencent par un bilan nutritionnel complet pour comprendre vos besoins","og_url":"https:\/\/www.vanessaguillou.fr\/index.php\/prestations\/","og_site_name":"Vanessa Guillou","article_publisher":"https:\/\/www.facebook.com\/VanessaGuillouDieteticienneNutritionniste","article_modified_time":"2025-02-12T18:01:35+00:00","og_image":[{"width":1024,"height":1024,"url":"https:\/\/www.vanessaguillou.fr\/wp-content\/uploads\/2024\/06\/1cfc9c1a-719a-430b-aaa9-c5f8833e6a3e.jpg","type":"image\/jpeg"}],"twitter_card":"summary_large_image","twitter_misc":{"Dur\u00e9e de lecture estim\u00e9e":"3 minutes"},"schema":{"@context":"https:\/\/schema.org","@graph":[{"@type":"WebPage","@id":"https:\/\/www.vanessaguillou.fr\/index.php\/prestations\/","url":"https:\/\/www.vanessaguillou.fr\/index.php\/prestations\/","name":"Consultations individuelles - Vanessa Guillou","isPartOf":{"@id":"https:\/\/www.vanessaguillou.fr\/#website"},"primaryImageOfPage":{"@id":"https:\/\/www.vanessaguillou.fr\/index.php\/prestations\/#primaryimage"},"image":{"@id":"https:\/\/www.vanessaguillou.fr\/index.php\/prestations\/#primaryimage"},"thumbnailUrl":"https:\/\/www.vanessaguillou.fr\/wp-content\/uploads\/2024\/06\/1cfc9c1a-719a-430b-aaa9-c5f8833e6a3e.jpg","datePublished":"2024-06-04T18:59:16+00:00","dateModified":"2025-02-12T18:01:35+00:00","description":"Les consultations di\u00e9t\u00e9tiques individuelles ont lieu au cabinet, \u00e0 domicile ou en ligne. Elles commencent par un bilan nutritionnel complet pour comprendre vos besoins","breadcrumb":{"@id":"https:\/\/www.vanessaguillou.fr\/index.php\/prestations\/#breadcrumb"},"inLanguage":"fr-FR","potentialAction":[{"@type":"ReadAction","target":["https:\/\/www.vanessaguillou.fr\/index.php\/prestations\/"]}]},{"@type":"ImageObject","inLanguage":"fr-FR","@id":"https:\/\/www.vanessaguillou.fr\/index.php\/prestations\/#primaryimage","url":"https:\/\/www.vanessaguillou.fr\/wp-content\/uploads\/2024\/06\/1cfc9c1a-719a-430b-aaa9-c5f8833e6a3e.jpg","contentUrl":"https:\/\/www.vanessaguillou.fr\/wp-content\/uploads\/2024\/06\/1cfc9c1a-719a-430b-aaa9-c5f8833e6a3e.jpg","width":1024,"height":1024},{"@type":"BreadcrumbList","@id":"https:\/\/www.vanessaguillou.fr\/index.php\/prestations\/#breadcrumb","itemListElement":[{"@type":"ListItem","position":1,"name":"Accueil","item":"https:\/\/www.vanessaguillou.fr\/"},{"@type":"ListItem","position":2,"name":"Consultations individuelles"}]},{"@type":"WebSite","@id":"https:\/\/www.vanessaguillou.fr\/#website","url":"https:\/\/www.vanessaguillou.fr\/","name":"Vanessa Guillou, Di\u00e9t\u00e9ticienne nutrionniste","description":"Di\u00e9t\u00e9ticienne nutrionniste \u00e0 Plouhinec, Cap Sizun, Finist\u00e8re","publisher":{"@id":"https:\/\/www.vanessaguillou.fr\/#organization"},"alternateName":"Vanessa Guillou","potentialAction":[{"@type":"SearchAction","target":{"@type":"EntryPoint","urlTemplate":"https:\/\/www.vanessaguillou.fr\/?s={search_term_string}"},"query-input":{"@type":"PropertyValueSpecification","valueRequired":true,"valueName":"search_term_string"}}],"inLanguage":"fr-FR"},{"@type":"Organization","@id":"https:\/\/www.vanessaguillou.fr\/#organization","name":"Vanessa Guillou di\u00e9t\u00e9ticienne nutritionniste","alternateName":"Vanessa Guillou Diet 29","url":"https:\/\/www.vanessaguillou.fr\/","logo":{"@type":"ImageObject","inLanguage":"fr-FR","@id":"https:\/\/www.vanessaguillou.fr\/#\/schema\/logo\/image\/","url":"https:\/\/www.vanessaguillou.fr\/wp-content\/uploads\/2024\/07\/cropped-LOGO-rectangle-avec-Titre-scaled-1.jpg","contentUrl":"https:\/\/www.vanessaguillou.fr\/wp-content\/uploads\/2024\/07\/cropped-LOGO-rectangle-avec-Titre-scaled-1.jpg","width":2559,"height":702,"caption":"Vanessa Guillou di\u00e9t\u00e9ticienne nutritionniste"},"image":{"@id":"https:\/\/www.vanessaguillou.fr\/#\/schema\/logo\/image\/"},"sameAs":["https:\/\/www.facebook.com\/VanessaGuillouDieteticienneNutritionniste"]}]}},"jetpack_sharing_enabled":true,"_links":{"self":[{"href":"https:\/\/www.vanessaguillou.fr\/index.php\/wp-json\/wp\/v2\/pages\/123","targetHints":{"allow":["GET"]}}],"collection":[{"href":"https:\/\/www.vanessaguillou.fr\/index.php\/wp-json\/wp\/v2\/pages"}],"about":[{"href":"https:\/\/www.vanessaguillou.fr\/index.php\/wp-json\/wp\/v2\/types\/page"}],"author":[{"embeddable":true,"href":"https:\/\/www.vanessaguillou.fr\/index.php\/wp-json\/wp\/v2\/users\/1"}],"replies":[{"embeddable":true,"href":"https:\/\/www.vanessaguillou.fr\/index.php\/wp-json\/wp\/v2\/comments?post=123"}],"version-history":[{"count":26,"href":"https:\/\/www.vanessaguillou.fr\/index.php\/wp-json\/wp\/v2\/pages\/123\/revisions"}],"predecessor-version":[{"id":392,"href":"https:\/\/www.vanessaguillou.fr\/index.php\/wp-json\/wp\/v2\/pages\/123\/revisions\/392"}],"wp:attachment":[{"href":"https:\/\/www.vanessaguillou.fr\/index.php\/wp-json\/wp\/v2\/media?parent=123"}],"curies":[{"name":"wp","href":"https:\/\/api.w.org\/{rel}","templated":true}]}}