{"id":14,"date":"2024-05-14T09:16:48","date_gmt":"2024-05-14T07:16:48","guid":{"rendered":"http:\/\/www.vanessaguillou.fr\/index.php\/contact-us\/"},"modified":"2025-07-01T20:39:12","modified_gmt":"2025-07-01T18:39:12","slug":"contact-us","status":"publish","type":"page","link":"https:\/\/www.vanessaguillou.fr\/index.php\/contact-us\/","title":{"rendered":"Me contacter"},"content":{"rendered":"\n<h1 class=\"wp-block-heading\">Vanessa Guillou<\/h1>\n\n\n\n<div class=\"wp-block-columns are-vertically-aligned-top is-layout-flex wp-container-core-columns-is-layout-9d6595d7 wp-block-columns-is-layout-flex\">\n<div class=\"wp-block-column is-vertically-aligned-top is-layout-flow wp-block-column-is-layout-flow\" style=\"flex-basis:30%\">\n<h2 class=\"wp-block-heading\">Adresse<\/h2>\n\n\n\n<p>Ateliers Jean Moulin<\/p>\n\n\n\n<p>27 rue de la R\u00e9publique<\/p>\n\n\n\n<p>29780 Plouhinec<\/p>\n\n\n\n<h2 class=\"wp-block-heading\">T\u00e9l\u00e9phone<\/h2>\n\n\n\n<p>06 49 53 68 58<\/p>\n\n\n\n<h2 class=\"wp-block-heading\">Email<\/h2>\n\n\n\n<p>diet@vanessaguillou.fr<\/p>\n<\/div>\n\n\n\n<div class=\"wp-block-column is-vertically-aligned-top is-layout-flow wp-block-column-is-layout-flow\">\n<h2 class=\"wp-block-heading\">Carte<\/h2>\n\n\n\n<div class=\"wp-block-webfactory-map\"><div class=\"wp-block-webfactory-map\"><iframe title=\"Map\" width=\"100%\" height=\"710px\" src=\"https:\/\/www.google.com\/maps\/embed\/v1\/place?q=Vanessa%20Guillou%2C%2027%20rue%20de%20la%20r%C3%A9publique%2C%2029780%20Plouhinec&amp;maptype=roadmap&amp;zoom=14&amp;key=AIzaSyAMZCKjyOySk9CzG9rgy_HKZQ-zOQ6rPwQ\" frameborder=\"0\"><\/iframe><\/div><\/div>\n<\/div>\n<\/div>\n\n\n\n<div class=\"wp-block-buttons is-layout-flex wp-block-buttons-is-layout-flex\">\n<div class=\"wp-block-button\"><a class=\"wp-block-button__link wp-element-button\" href=\"https:\/\/www.vanessaguillou.fr\/index.php\/rendez-vous-bilan-suivi-calendrier\/\" target=\"_blank\" rel=\"noreferrer noopener\">Prendre rendez-vous<\/a><\/div>\n<\/div>\n","protected":false},"excerpt":{"rendered":"<p>Vanessa Guillou Adresse Ateliers Jean Moulin 27 rue de la R\u00e9publique 29780 Plouhinec T\u00e9l\u00e9phone 06 49 53 68 58 Email diet@vanessaguillou.fr Carte<\/p>\n","protected":false},"author":1,"featured_media":223,"parent":0,"menu_order":0,"comment_status":"closed","ping_status":"closed","template":"elementor_theme","meta":{"ocean_post_layout":"","ocean_both_sidebars_style":"","ocean_both_sidebars_content_width":0,"ocean_both_sidebars_sidebars_width":0,"ocean_sidebar":"","ocean_second_sidebar":"","ocean_disable_margins":"enable","ocean_add_body_class":"","ocean_shortcode_before_top_bar":"","ocean_shortcode_after_top_bar":"","ocean_shortcode_before_header":"","ocean_shortcode_after_header":"","ocean_has_shortcode":"","ocean_shortcode_after_title":"","ocean_shortcode_before_footer_widgets":"","ocean_shortcode_after_footer_widgets":"","ocean_shortcode_before_footer_bottom":"","ocean_shortcode_after_footer_bottom":"","ocean_display_top_bar":"default","ocean_display_header":"default","ocean_header_style":"","ocean_center_header_left_menu":"","ocean_custom_header_template":"","ocean_custom_logo":0,"ocean_custom_retina_logo":0,"ocean_custom_logo_max_width":0,"ocean_custom_logo_tablet_max_width":0,"ocean_custom_logo_mobile_max_width":0,"ocean_custom_logo_max_height":0,"ocean_custom_logo_tablet_max_height":0,"ocean_custom_logo_mobile_max_height":0,"ocean_header_custom_menu":"","ocean_menu_typo_font_family":"","ocean_menu_typo_font_subset":"","ocean_menu_typo_font_size":0,"ocean_menu_typo_font_size_tablet":0,"ocean_menu_typo_font_size_mobile":0,"ocean_menu_typo_font_size_unit":"px","ocean_menu_typo_font_weight":"","ocean_menu_typo_font_weight_tablet":"","ocean_menu_typo_font_weight_mobile":"","ocean_menu_typo_transform":"","ocean_menu_typo_transform_tablet":"","ocean_menu_typo_transform_mobile":"","ocean_menu_typo_line_height":0,"ocean_menu_typo_line_height_tablet":0,"ocean_menu_typo_line_height_mobile":0,"ocean_menu_typo_line_height_unit":"","ocean_menu_typo_spacing":0,"ocean_menu_typo_spacing_tablet":0,"ocean_menu_typo_spacing_mobile":0,"ocean_menu_typo_spacing_unit":"","ocean_menu_link_color":"","ocean_menu_link_color_hover":"","ocean_menu_link_color_active":"","ocean_menu_link_background":"","ocean_menu_link_hover_background":"","ocean_menu_link_active_background":"","ocean_menu_social_links_bg":"","ocean_menu_social_hover_links_bg":"","ocean_menu_social_links_color":"","ocean_menu_social_hover_links_color":"","ocean_disable_title":"default","ocean_disable_heading":"default","ocean_post_title":"","ocean_post_subheading":"","ocean_post_title_style":"","ocean_post_title_background_color":"","ocean_post_title_background":0,"ocean_post_title_bg_image_position":"","ocean_post_title_bg_image_attachment":"","ocean_post_title_bg_image_repeat":"","ocean_post_title_bg_image_size":"","ocean_post_title_height":0,"ocean_post_title_bg_overlay":0.5,"ocean_post_title_bg_overlay_color":"","ocean_disable_breadcrumbs":"default","ocean_breadcrumbs_color":"","ocean_breadcrumbs_separator_color":"","ocean_breadcrumbs_links_color":"","ocean_breadcrumbs_links_hover_color":"","ocean_display_footer_widgets":"default","ocean_display_footer_bottom":"default","ocean_custom_footer_template":"","footnotes":""},"class_list":["post-14","page","type-page","status-publish","has-post-thumbnail","hentry","entry","has-media"],"yoast_head":"<!-- This site is optimized with the Yoast SEO plugin v26.2 - https:\/\/yoast.com\/wordpress\/plugins\/seo\/ -->\n<title>Me contacter - Vanessa Guillou<\/title>\n<meta name=\"description\" content=\"Contact par mail (diet@vanessaguillou.fr) ou t\u00e9l\u00e9phone (06 49 53 68 58). Le cabinet est aux Ateliers Jean Moulin, 27 rue de la R\u00e9publique, 29780 Plouhinec\" \/>\n<meta name=\"robots\" content=\"index, follow, max-snippet:-1, max-image-preview:large, max-video-preview:-1\" \/>\n<link rel=\"canonical\" href=\"https:\/\/www.vanessaguillou.fr\/index.php\/contact-us\/\" \/>\n<meta property=\"og:locale\" content=\"fr_FR\" \/>\n<meta property=\"og:type\" content=\"article\" \/>\n<meta property=\"og:title\" content=\"Me contacter - Vanessa Guillou\" \/>\n<meta property=\"og:description\" content=\"Contact par mail (diet@vanessaguillou.fr) ou t\u00e9l\u00e9phone (06 49 53 68 58). Le cabinet est aux Ateliers Jean Moulin, 27 rue de la R\u00e9publique, 29780 Plouhinec\" \/>\n<meta property=\"og:url\" content=\"https:\/\/www.vanessaguillou.fr\/index.php\/contact-us\/\" \/>\n<meta property=\"og:site_name\" content=\"Vanessa Guillou\" \/>\n<meta property=\"article:publisher\" content=\"https:\/\/www.facebook.com\/VanessaGuillouDieteticienneNutritionniste\" \/>\n<meta property=\"article:modified_time\" content=\"2025-07-01T18:39:12+00:00\" \/>\n<meta property=\"og:image\" content=\"https:\/\/www.vanessaguillou.fr\/wp-content\/uploads\/2024\/06\/portrait.png\" \/>\n\t<meta property=\"og:image:width\" content=\"420\" \/>\n\t<meta property=\"og:image:height\" content=\"431\" \/>\n\t<meta property=\"og:image:type\" content=\"image\/png\" \/>\n<meta name=\"twitter:card\" content=\"summary_large_image\" \/>\n<meta name=\"twitter:label1\" content=\"Dur\u00e9e de lecture estim\u00e9e\" \/>\n\t<meta name=\"twitter:data1\" content=\"1 minute\" \/>\n<script type=\"application\/ld+json\" class=\"yoast-schema-graph\">{\"@context\":\"https:\/\/schema.org\",\"@graph\":[{\"@type\":\"WebPage\",\"@id\":\"https:\/\/www.vanessaguillou.fr\/index.php\/contact-us\/\",\"url\":\"https:\/\/www.vanessaguillou.fr\/index.php\/contact-us\/\",\"name\":\"Me contacter - Vanessa Guillou\",\"isPartOf\":{\"@id\":\"https:\/\/www.vanessaguillou.fr\/#website\"},\"primaryImageOfPage\":{\"@id\":\"https:\/\/www.vanessaguillou.fr\/index.php\/contact-us\/#primaryimage\"},\"image\":{\"@id\":\"https:\/\/www.vanessaguillou.fr\/index.php\/contact-us\/#primaryimage\"},\"thumbnailUrl\":\"https:\/\/www.vanessaguillou.fr\/wp-content\/uploads\/2024\/06\/portrait.png\",\"datePublished\":\"2024-05-14T07:16:48+00:00\",\"dateModified\":\"2025-07-01T18:39:12+00:00\",\"description\":\"Contact par mail (diet@vanessaguillou.fr) ou t\u00e9l\u00e9phone (06 49 53 68 58). Le cabinet est aux Ateliers Jean Moulin, 27 rue de la R\u00e9publique, 29780 Plouhinec\",\"breadcrumb\":{\"@id\":\"https:\/\/www.vanessaguillou.fr\/index.php\/contact-us\/#breadcrumb\"},\"inLanguage\":\"fr-FR\",\"potentialAction\":[{\"@type\":\"ReadAction\",\"target\":[\"https:\/\/www.vanessaguillou.fr\/index.php\/contact-us\/\"]}]},{\"@type\":\"ImageObject\",\"inLanguage\":\"fr-FR\",\"@id\":\"https:\/\/www.vanessaguillou.fr\/index.php\/contact-us\/#primaryimage\",\"url\":\"https:\/\/www.vanessaguillou.fr\/wp-content\/uploads\/2024\/06\/portrait.png\",\"contentUrl\":\"https:\/\/www.vanessaguillou.fr\/wp-content\/uploads\/2024\/06\/portrait.png\",\"width\":420,\"height\":431},{\"@type\":\"BreadcrumbList\",\"@id\":\"https:\/\/www.vanessaguillou.fr\/index.php\/contact-us\/#breadcrumb\",\"itemListElement\":[{\"@type\":\"ListItem\",\"position\":1,\"name\":\"Accueil\",\"item\":\"https:\/\/www.vanessaguillou.fr\/\"},{\"@type\":\"ListItem\",\"position\":2,\"name\":\"Me contacter\"}]},{\"@type\":\"WebSite\",\"@id\":\"https:\/\/www.vanessaguillou.fr\/#website\",\"url\":\"https:\/\/www.vanessaguillou.fr\/\",\"name\":\"Vanessa Guillou, Di\u00e9t\u00e9ticienne nutrionniste\",\"description\":\"Di\u00e9t\u00e9ticienne nutrionniste \u00e0 Plouhinec, Cap Sizun, Finist\u00e8re\",\"publisher\":{\"@id\":\"https:\/\/www.vanessaguillou.fr\/#organization\"},\"alternateName\":\"Vanessa Guillou\",\"potentialAction\":[{\"@type\":\"SearchAction\",\"target\":{\"@type\":\"EntryPoint\",\"urlTemplate\":\"https:\/\/www.vanessaguillou.fr\/?s={search_term_string}\"},\"query-input\":{\"@type\":\"PropertyValueSpecification\",\"valueRequired\":true,\"valueName\":\"search_term_string\"}}],\"inLanguage\":\"fr-FR\"},{\"@type\":\"Organization\",\"@id\":\"https:\/\/www.vanessaguillou.fr\/#organization\",\"name\":\"Vanessa Guillou di\u00e9t\u00e9ticienne nutritionniste\",\"alternateName\":\"Vanessa Guillou Diet 29\",\"url\":\"https:\/\/www.vanessaguillou.fr\/\",\"logo\":{\"@type\":\"ImageObject\",\"inLanguage\":\"fr-FR\",\"@id\":\"https:\/\/www.vanessaguillou.fr\/#\/schema\/logo\/image\/\",\"url\":\"https:\/\/www.vanessaguillou.fr\/wp-content\/uploads\/2024\/07\/cropped-LOGO-rectangle-avec-Titre-scaled-1.jpg\",\"contentUrl\":\"https:\/\/www.vanessaguillou.fr\/wp-content\/uploads\/2024\/07\/cropped-LOGO-rectangle-avec-Titre-scaled-1.jpg\",\"width\":2559,\"height\":702,\"caption\":\"Vanessa Guillou di\u00e9t\u00e9ticienne nutritionniste\"},\"image\":{\"@id\":\"https:\/\/www.vanessaguillou.fr\/#\/schema\/logo\/image\/\"},\"sameAs\":[\"https:\/\/www.facebook.com\/VanessaGuillouDieteticienneNutritionniste\"]}]}<\/script>\n<!-- \/ Yoast SEO plugin. -->","yoast_head_json":{"title":"Me contacter - Vanessa Guillou","description":"Contact par mail (diet@vanessaguillou.fr) ou t\u00e9l\u00e9phone (06 49 53 68 58). Le cabinet est aux Ateliers Jean Moulin, 27 rue de la R\u00e9publique, 29780 Plouhinec","robots":{"index":"index","follow":"follow","max-snippet":"max-snippet:-1","max-image-preview":"max-image-preview:large","max-video-preview":"max-video-preview:-1"},"canonical":"https:\/\/www.vanessaguillou.fr\/index.php\/contact-us\/","og_locale":"fr_FR","og_type":"article","og_title":"Me contacter - Vanessa Guillou","og_description":"Contact par mail (diet@vanessaguillou.fr) ou t\u00e9l\u00e9phone (06 49 53 68 58). Le cabinet est aux Ateliers Jean Moulin, 27 rue de la R\u00e9publique, 29780 Plouhinec","og_url":"https:\/\/www.vanessaguillou.fr\/index.php\/contact-us\/","og_site_name":"Vanessa Guillou","article_publisher":"https:\/\/www.facebook.com\/VanessaGuillouDieteticienneNutritionniste","article_modified_time":"2025-07-01T18:39:12+00:00","og_image":[{"width":420,"height":431,"url":"https:\/\/www.vanessaguillou.fr\/wp-content\/uploads\/2024\/06\/portrait.png","type":"image\/png"}],"twitter_card":"summary_large_image","twitter_misc":{"Dur\u00e9e de lecture estim\u00e9e":"1 minute"},"schema":{"@context":"https:\/\/schema.org","@graph":[{"@type":"WebPage","@id":"https:\/\/www.vanessaguillou.fr\/index.php\/contact-us\/","url":"https:\/\/www.vanessaguillou.fr\/index.php\/contact-us\/","name":"Me contacter - Vanessa Guillou","isPartOf":{"@id":"https:\/\/www.vanessaguillou.fr\/#website"},"primaryImageOfPage":{"@id":"https:\/\/www.vanessaguillou.fr\/index.php\/contact-us\/#primaryimage"},"image":{"@id":"https:\/\/www.vanessaguillou.fr\/index.php\/contact-us\/#primaryimage"},"thumbnailUrl":"https:\/\/www.vanessaguillou.fr\/wp-content\/uploads\/2024\/06\/portrait.png","datePublished":"2024-05-14T07:16:48+00:00","dateModified":"2025-07-01T18:39:12+00:00","description":"Contact par mail (diet@vanessaguillou.fr) ou t\u00e9l\u00e9phone (06 49 53 68 58). Le cabinet est aux Ateliers Jean Moulin, 27 rue de la R\u00e9publique, 29780 Plouhinec","breadcrumb":{"@id":"https:\/\/www.vanessaguillou.fr\/index.php\/contact-us\/#breadcrumb"},"inLanguage":"fr-FR","potentialAction":[{"@type":"ReadAction","target":["https:\/\/www.vanessaguillou.fr\/index.php\/contact-us\/"]}]},{"@type":"ImageObject","inLanguage":"fr-FR","@id":"https:\/\/www.vanessaguillou.fr\/index.php\/contact-us\/#primaryimage","url":"https:\/\/www.vanessaguillou.fr\/wp-content\/uploads\/2024\/06\/portrait.png","contentUrl":"https:\/\/www.vanessaguillou.fr\/wp-content\/uploads\/2024\/06\/portrait.png","width":420,"height":431},{"@type":"BreadcrumbList","@id":"https:\/\/www.vanessaguillou.fr\/index.php\/contact-us\/#breadcrumb","itemListElement":[{"@type":"ListItem","position":1,"name":"Accueil","item":"https:\/\/www.vanessaguillou.fr\/"},{"@type":"ListItem","position":2,"name":"Me contacter"}]},{"@type":"WebSite","@id":"https:\/\/www.vanessaguillou.fr\/#website","url":"https:\/\/www.vanessaguillou.fr\/","name":"Vanessa Guillou, Di\u00e9t\u00e9ticienne nutrionniste","description":"Di\u00e9t\u00e9ticienne nutrionniste \u00e0 Plouhinec, Cap Sizun, Finist\u00e8re","publisher":{"@id":"https:\/\/www.vanessaguillou.fr\/#organization"},"alternateName":"Vanessa Guillou","potentialAction":[{"@type":"SearchAction","target":{"@type":"EntryPoint","urlTemplate":"https:\/\/www.vanessaguillou.fr\/?s={search_term_string}"},"query-input":{"@type":"PropertyValueSpecification","valueRequired":true,"valueName":"search_term_string"}}],"inLanguage":"fr-FR"},{"@type":"Organization","@id":"https:\/\/www.vanessaguillou.fr\/#organization","name":"Vanessa Guillou di\u00e9t\u00e9ticienne nutritionniste","alternateName":"Vanessa Guillou Diet 29","url":"https:\/\/www.vanessaguillou.fr\/","logo":{"@type":"ImageObject","inLanguage":"fr-FR","@id":"https:\/\/www.vanessaguillou.fr\/#\/schema\/logo\/image\/","url":"https:\/\/www.vanessaguillou.fr\/wp-content\/uploads\/2024\/07\/cropped-LOGO-rectangle-avec-Titre-scaled-1.jpg","contentUrl":"https:\/\/www.vanessaguillou.fr\/wp-content\/uploads\/2024\/07\/cropped-LOGO-rectangle-avec-Titre-scaled-1.jpg","width":2559,"height":702,"caption":"Vanessa Guillou di\u00e9t\u00e9ticienne nutritionniste"},"image":{"@id":"https:\/\/www.vanessaguillou.fr\/#\/schema\/logo\/image\/"},"sameAs":["https:\/\/www.facebook.com\/VanessaGuillouDieteticienneNutritionniste"]}]}},"jetpack_sharing_enabled":true,"_links":{"self":[{"href":"https:\/\/www.vanessaguillou.fr\/index.php\/wp-json\/wp\/v2\/pages\/14","targetHints":{"allow":["GET"]}}],"collection":[{"href":"https:\/\/www.vanessaguillou.fr\/index.php\/wp-json\/wp\/v2\/pages"}],"about":[{"href":"https:\/\/www.vanessaguillou.fr\/index.php\/wp-json\/wp\/v2\/types\/page"}],"author":[{"embeddable":true,"href":"https:\/\/www.vanessaguillou.fr\/index.php\/wp-json\/wp\/v2\/users\/1"}],"replies":[{"embeddable":true,"href":"https:\/\/www.vanessaguillou.fr\/index.php\/wp-json\/wp\/v2\/comments?post=14"}],"version-history":[{"count":21,"href":"https:\/\/www.vanessaguillou.fr\/index.php\/wp-json\/wp\/v2\/pages\/14\/revisions"}],"predecessor-version":[{"id":411,"href":"https:\/\/www.vanessaguillou.fr\/index.php\/wp-json\/wp\/v2\/pages\/14\/revisions\/411"}],"wp:featuredmedia":[{"embeddable":true,"href":"https:\/\/www.vanessaguillou.fr\/index.php\/wp-json\/wp\/v2\/media\/223"}],"wp:attachment":[{"href":"https:\/\/www.vanessaguillou.fr\/index.php\/wp-json\/wp\/v2\/media?parent=14"}],"curies":[{"name":"wp","href":"https:\/\/api.w.org\/{rel}","templated":true}]}}