{"id":38,"date":"2024-05-14T09:16:55","date_gmt":"2024-05-14T07:16:55","guid":{"rendered":"http:\/\/www.vanessaguillou.fr\/index.php\/about-us\/"},"modified":"2024-08-19T23:09:02","modified_gmt":"2024-08-19T21:09:02","slug":"qui-suis-je","status":"publish","type":"page","link":"https:\/\/www.vanessaguillou.fr\/index.php\/qui-suis-je\/","title":{"rendered":"Qui suis-je\u00a0?"},"content":{"rendered":"\n<h1 class=\"wp-block-heading\">Di\u00e9t\u00e9ticienne depuis 1999<\/h1>\n\n\n<div class=\"wp-block-image is-style-default\">\n<figure class=\"alignright size-full\"><img fetchpriority=\"high\" decoding=\"async\" width=\"420\" height=\"431\" src=\"https:\/\/www.vanessaguillou.fr\/wp-content\/uploads\/2024\/06\/portrait.png\" alt=\"\" class=\"wp-image-223\" style=\"aspect-ratio:1;object-fit:contain\" srcset=\"https:\/\/www.vanessaguillou.fr\/wp-content\/uploads\/2024\/06\/portrait.png 420w, https:\/\/www.vanessaguillou.fr\/wp-content\/uploads\/2024\/06\/portrait-292x300.png 292w\" sizes=\"(max-width: 420px) 100vw, 420px\" \/><\/figure><\/div>\n\n\n<h2 class=\"wp-block-heading\"><strong>Parcours professionnel<\/strong><\/h2>\n\n\n\n<p>Tout au long de ma carri\u00e8re, j&rsquo;ai acquis une exp\u00e9rience diversifi\u00e9e en travaillant avec des patients aux profils vari\u00e9s dans divers environnements : centre climatique sp\u00e9cialis\u00e9 dans l&rsquo;ob\u00e9sit\u00e9 infantile, comit\u00e9 d\u00e9partemental d&rsquo;\u00e9ducation pour la sant\u00e9, centre m\u00e9dico-sportif, centre cardio-vasculaire, h\u00f4pitaux, EHPAD, cliniques SSR et centre de r\u00e9\u00e9ducation fonctionnelle. Exercer en lib\u00e9ral me permet aujourd&rsquo;hui de partager mon expertise, d&rsquo;accompagner les patients tout au long de leur parcours de sant\u00e9 et de les encourager, plut\u00f4t que de me limiter \u00e0 un bilan di\u00e9t\u00e9tique et des conseils de sortie sans suivi \u00e0 leur retour d&rsquo;hospitalisation.<\/p>\n\n\n\n<h2 class=\"wp-block-heading\"><strong><strong>Ma passion pour le m\u00e9tier de di\u00e9t\u00e9ticienne<\/strong><\/strong><\/h2>\n\n\n\n<p>Depuis l&rsquo;obtention de mon dipl\u00f4me en 1999, j&rsquo;ai pu constater les dangers des r\u00e9gimes restrictifs et du culte de la minceur, largement critiqu\u00e9s aujourd&rsquo;hui. Cependant, j&rsquo;ai \u00e9galement observ\u00e9 l&rsquo;\u00e9volution du m\u00e9tier de di\u00e9t\u00e9ticien vers des pratiques plus centr\u00e9es sur le patient.<\/p>\n\n\n\n<p>En 2016, j&rsquo;ai d\u00e9cid\u00e9 de changer mon approche en me sp\u00e9cialisant en di\u00e9t\u00e9tique comportementale. Je me suis form\u00e9e aux Th\u00e9rapies Comportementales et Cognitives de troisi\u00e8me vague (Th\u00e9rapie d&rsquo;Acceptation et d&rsquo;Engagement, pleine conscience) et \u00e0 l&rsquo;hypnose appliqu\u00e9e \u00e0 la nutrition. Ces outils me permettent de vous accompagner au plus pr\u00e8s de vos besoins, d&rsquo;apaiser votre relation avec l&rsquo;alimentation, de gagner en flexibilit\u00e9 et de vous orienter vers une alimentation plus intuitive, sereine et \u00e9quilibr\u00e9e.<\/p>\n\n\n\n<h3 class=\"wp-block-heading has-background\" style=\"background-color:#13425a\">Mon approche de di\u00e9t\u00e9ticienne repose sur une collaboration \u00e9troite avec vous, dans un rapport d&rsquo;\u00e9gal \u00e0 \u00e9gal, afin de vous rendre pleinement acteur de votre sant\u00e9.<\/h3>\n","protected":false},"excerpt":{"rendered":"<p>Di\u00e9t\u00e9ticienne depuis 1999 Parcours professionnel Tout au long de ma carri\u00e8re, j&rsquo;ai acquis une exp\u00e9rience diversifi\u00e9e en travaillant avec des patients aux profils vari\u00e9s dans divers environnements : centre climatique sp\u00e9cialis\u00e9 dans l&rsquo;ob\u00e9sit\u00e9 infantile, comit\u00e9 d\u00e9partemental d&rsquo;\u00e9ducation pour la sant\u00e9, centre m\u00e9dico-sportif, centre cardio-vasculaire, h\u00f4pitaux, EHPAD, cliniques SSR et centre de r\u00e9\u00e9ducation fonctionnelle. Exercer en [&hellip;]<\/p>\n","protected":false},"author":1,"featured_media":223,"parent":0,"menu_order":0,"comment_status":"closed","ping_status":"closed","template":"","meta":{"ocean_post_layout":"right-sidebar","ocean_both_sidebars_style":"","ocean_both_sidebars_content_width":0,"ocean_both_sidebars_sidebars_width":0,"ocean_sidebar":"sidebar-2","ocean_second_sidebar":"","ocean_disable_margins":"enable","ocean_add_body_class":"","ocean_shortcode_before_top_bar":"","ocean_shortcode_after_top_bar":"","ocean_shortcode_before_header":"","ocean_shortcode_after_header":"","ocean_has_shortcode":"","ocean_shortcode_after_title":"","ocean_shortcode_before_footer_widgets":"","ocean_shortcode_after_footer_widgets":"","ocean_shortcode_before_footer_bottom":"","ocean_shortcode_after_footer_bottom":"","ocean_display_top_bar":"default","ocean_display_header":"default","ocean_header_style":"","ocean_center_header_left_menu":"","ocean_custom_header_template":"","ocean_custom_logo":0,"ocean_custom_retina_logo":0,"ocean_custom_logo_max_width":0,"ocean_custom_logo_tablet_max_width":0,"ocean_custom_logo_mobile_max_width":0,"ocean_custom_logo_max_height":0,"ocean_custom_logo_tablet_max_height":0,"ocean_custom_logo_mobile_max_height":0,"ocean_header_custom_menu":"","ocean_menu_typo_font_family":"","ocean_menu_typo_font_subset":"","ocean_menu_typo_font_size":0,"ocean_menu_typo_font_size_tablet":0,"ocean_menu_typo_font_size_mobile":0,"ocean_menu_typo_font_size_unit":"px","ocean_menu_typo_font_weight":"","ocean_menu_typo_font_weight_tablet":"","ocean_menu_typo_font_weight_mobile":"","ocean_menu_typo_transform":"","ocean_menu_typo_transform_tablet":"","ocean_menu_typo_transform_mobile":"","ocean_menu_typo_line_height":0,"ocean_menu_typo_line_height_tablet":0,"ocean_menu_typo_line_height_mobile":0,"ocean_menu_typo_line_height_unit":"","ocean_menu_typo_spacing":0,"ocean_menu_typo_spacing_tablet":0,"ocean_menu_typo_spacing_mobile":0,"ocean_menu_typo_spacing_unit":"","ocean_menu_link_color":"","ocean_menu_link_color_hover":"","ocean_menu_link_color_active":"","ocean_menu_link_background":"","ocean_menu_link_hover_background":"","ocean_menu_link_active_background":"","ocean_menu_social_links_bg":"","ocean_menu_social_hover_links_bg":"","ocean_menu_social_links_color":"","ocean_menu_social_hover_links_color":"","ocean_disable_title":"default","ocean_disable_heading":"default","ocean_post_title":"","ocean_post_subheading":"","ocean_post_title_style":"","ocean_post_title_background_color":"","ocean_post_title_background":0,"ocean_post_title_bg_image_position":"","ocean_post_title_bg_image_attachment":"","ocean_post_title_bg_image_repeat":"","ocean_post_title_bg_image_size":"","ocean_post_title_height":0,"ocean_post_title_bg_overlay":0.5,"ocean_post_title_bg_overlay_color":"","ocean_disable_breadcrumbs":"default","ocean_breadcrumbs_color":"","ocean_breadcrumbs_separator_color":"","ocean_breadcrumbs_links_color":"","ocean_breadcrumbs_links_hover_color":"","ocean_display_footer_widgets":"default","ocean_display_footer_bottom":"default","ocean_custom_footer_template":"","footnotes":""},"class_list":["post-38","page","type-page","status-publish","has-post-thumbnail","hentry","entry","has-media"],"yoast_head":"<!-- This site is optimized with the Yoast SEO plugin v26.2 - https:\/\/yoast.com\/wordpress\/plugins\/seo\/ -->\n<title>Qui suis-je\u00a0? - Vanessa Guillou<\/title>\n<meta name=\"description\" content=\"Di\u00e9t\u00e9ticienne depuis 1999, j\u2019ai acquis une exp\u00e9rience diversifi\u00e9e en travaillant avec des patients aux profils vari\u00e9s dans divers environnements : centre climatique sp\u00e9cialis\u00e9 dans l\u2019ob\u00e9sit\u00e9 infantile, comit\u00e9 d\u00e9partemental d\u2019\u00e9ducation pour la sant\u00e9, centre m\u00e9dico-sportif, centre cardio-vasculaire, h\u00f4pitaux, EHPAD, cliniques SSR et centre de r\u00e9\u00e9ducation fonctionnelle.\" \/>\n<meta name=\"robots\" content=\"index, follow, max-snippet:-1, max-image-preview:large, max-video-preview:-1\" \/>\n<link rel=\"canonical\" href=\"https:\/\/www.vanessaguillou.fr\/index.php\/qui-suis-je\/\" \/>\n<meta property=\"og:locale\" content=\"fr_FR\" \/>\n<meta property=\"og:type\" content=\"article\" \/>\n<meta property=\"og:title\" content=\"Qui suis-je\u00a0? - Vanessa Guillou\" \/>\n<meta property=\"og:description\" content=\"Di\u00e9t\u00e9ticienne depuis 1999, j\u2019ai acquis une exp\u00e9rience diversifi\u00e9e en travaillant avec des patients aux profils vari\u00e9s dans divers environnements : centre climatique sp\u00e9cialis\u00e9 dans l\u2019ob\u00e9sit\u00e9 infantile, comit\u00e9 d\u00e9partemental d\u2019\u00e9ducation pour la sant\u00e9, centre m\u00e9dico-sportif, centre cardio-vasculaire, h\u00f4pitaux, EHPAD, cliniques SSR et centre de r\u00e9\u00e9ducation fonctionnelle.\" \/>\n<meta property=\"og:url\" content=\"https:\/\/www.vanessaguillou.fr\/index.php\/qui-suis-je\/\" \/>\n<meta property=\"og:site_name\" content=\"Vanessa Guillou\" \/>\n<meta property=\"article:publisher\" content=\"https:\/\/www.facebook.com\/VanessaGuillouDieteticienneNutritionniste\" \/>\n<meta property=\"article:modified_time\" content=\"2024-08-19T21:09:02+00:00\" \/>\n<meta property=\"og:image\" content=\"https:\/\/www.vanessaguillou.fr\/wp-content\/uploads\/2024\/06\/portrait.png\" \/>\n\t<meta property=\"og:image:width\" content=\"420\" \/>\n\t<meta property=\"og:image:height\" content=\"431\" \/>\n\t<meta property=\"og:image:type\" content=\"image\/png\" \/>\n<meta name=\"twitter:card\" content=\"summary_large_image\" \/>\n<meta name=\"twitter:label1\" content=\"Dur\u00e9e de lecture estim\u00e9e\" \/>\n\t<meta name=\"twitter:data1\" content=\"2 minutes\" \/>\n<script type=\"application\/ld+json\" class=\"yoast-schema-graph\">{\"@context\":\"https:\/\/schema.org\",\"@graph\":[{\"@type\":\"WebPage\",\"@id\":\"https:\/\/www.vanessaguillou.fr\/index.php\/qui-suis-je\/\",\"url\":\"https:\/\/www.vanessaguillou.fr\/index.php\/qui-suis-je\/\",\"name\":\"Qui suis-je\u00a0? - Vanessa Guillou\",\"isPartOf\":{\"@id\":\"https:\/\/www.vanessaguillou.fr\/#website\"},\"primaryImageOfPage\":{\"@id\":\"https:\/\/www.vanessaguillou.fr\/index.php\/qui-suis-je\/#primaryimage\"},\"image\":{\"@id\":\"https:\/\/www.vanessaguillou.fr\/index.php\/qui-suis-je\/#primaryimage\"},\"thumbnailUrl\":\"https:\/\/www.vanessaguillou.fr\/wp-content\/uploads\/2024\/06\/portrait.png\",\"datePublished\":\"2024-05-14T07:16:55+00:00\",\"dateModified\":\"2024-08-19T21:09:02+00:00\",\"description\":\"Di\u00e9t\u00e9ticienne depuis 1999, j\u2019ai acquis une exp\u00e9rience diversifi\u00e9e en travaillant avec des patients aux profils vari\u00e9s dans divers environnements : centre climatique sp\u00e9cialis\u00e9 dans l\u2019ob\u00e9sit\u00e9 infantile, comit\u00e9 d\u00e9partemental d\u2019\u00e9ducation pour la sant\u00e9, centre m\u00e9dico-sportif, centre cardio-vasculaire, h\u00f4pitaux, EHPAD, cliniques SSR et centre de r\u00e9\u00e9ducation fonctionnelle.\",\"breadcrumb\":{\"@id\":\"https:\/\/www.vanessaguillou.fr\/index.php\/qui-suis-je\/#breadcrumb\"},\"inLanguage\":\"fr-FR\",\"potentialAction\":[{\"@type\":\"ReadAction\",\"target\":[\"https:\/\/www.vanessaguillou.fr\/index.php\/qui-suis-je\/\"]}]},{\"@type\":\"ImageObject\",\"inLanguage\":\"fr-FR\",\"@id\":\"https:\/\/www.vanessaguillou.fr\/index.php\/qui-suis-je\/#primaryimage\",\"url\":\"https:\/\/www.vanessaguillou.fr\/wp-content\/uploads\/2024\/06\/portrait.png\",\"contentUrl\":\"https:\/\/www.vanessaguillou.fr\/wp-content\/uploads\/2024\/06\/portrait.png\",\"width\":420,\"height\":431},{\"@type\":\"BreadcrumbList\",\"@id\":\"https:\/\/www.vanessaguillou.fr\/index.php\/qui-suis-je\/#breadcrumb\",\"itemListElement\":[{\"@type\":\"ListItem\",\"position\":1,\"name\":\"Accueil\",\"item\":\"https:\/\/www.vanessaguillou.fr\/\"},{\"@type\":\"ListItem\",\"position\":2,\"name\":\"Qui suis-je\u00a0?\"}]},{\"@type\":\"WebSite\",\"@id\":\"https:\/\/www.vanessaguillou.fr\/#website\",\"url\":\"https:\/\/www.vanessaguillou.fr\/\",\"name\":\"Vanessa Guillou, Di\u00e9t\u00e9ticienne nutrionniste\",\"description\":\"Di\u00e9t\u00e9ticienne nutrionniste \u00e0 Plouhinec, Cap Sizun, Finist\u00e8re\",\"publisher\":{\"@id\":\"https:\/\/www.vanessaguillou.fr\/#organization\"},\"alternateName\":\"Vanessa Guillou\",\"potentialAction\":[{\"@type\":\"SearchAction\",\"target\":{\"@type\":\"EntryPoint\",\"urlTemplate\":\"https:\/\/www.vanessaguillou.fr\/?s={search_term_string}\"},\"query-input\":{\"@type\":\"PropertyValueSpecification\",\"valueRequired\":true,\"valueName\":\"search_term_string\"}}],\"inLanguage\":\"fr-FR\"},{\"@type\":\"Organization\",\"@id\":\"https:\/\/www.vanessaguillou.fr\/#organization\",\"name\":\"Vanessa Guillou di\u00e9t\u00e9ticienne nutritionniste\",\"alternateName\":\"Vanessa Guillou Diet 29\",\"url\":\"https:\/\/www.vanessaguillou.fr\/\",\"logo\":{\"@type\":\"ImageObject\",\"inLanguage\":\"fr-FR\",\"@id\":\"https:\/\/www.vanessaguillou.fr\/#\/schema\/logo\/image\/\",\"url\":\"https:\/\/www.vanessaguillou.fr\/wp-content\/uploads\/2024\/07\/cropped-LOGO-rectangle-avec-Titre-scaled-1.jpg\",\"contentUrl\":\"https:\/\/www.vanessaguillou.fr\/wp-content\/uploads\/2024\/07\/cropped-LOGO-rectangle-avec-Titre-scaled-1.jpg\",\"width\":2559,\"height\":702,\"caption\":\"Vanessa Guillou di\u00e9t\u00e9ticienne nutritionniste\"},\"image\":{\"@id\":\"https:\/\/www.vanessaguillou.fr\/#\/schema\/logo\/image\/\"},\"sameAs\":[\"https:\/\/www.facebook.com\/VanessaGuillouDieteticienneNutritionniste\"]}]}<\/script>\n<!-- \/ Yoast SEO plugin. -->","yoast_head_json":{"title":"Qui suis-je\u00a0? - Vanessa Guillou","description":"Di\u00e9t\u00e9ticienne depuis 1999, j\u2019ai acquis une exp\u00e9rience diversifi\u00e9e en travaillant avec des patients aux profils vari\u00e9s dans divers environnements : centre climatique sp\u00e9cialis\u00e9 dans l\u2019ob\u00e9sit\u00e9 infantile, comit\u00e9 d\u00e9partemental d\u2019\u00e9ducation pour la sant\u00e9, centre m\u00e9dico-sportif, centre cardio-vasculaire, h\u00f4pitaux, EHPAD, cliniques SSR et centre de r\u00e9\u00e9ducation fonctionnelle.","robots":{"index":"index","follow":"follow","max-snippet":"max-snippet:-1","max-image-preview":"max-image-preview:large","max-video-preview":"max-video-preview:-1"},"canonical":"https:\/\/www.vanessaguillou.fr\/index.php\/qui-suis-je\/","og_locale":"fr_FR","og_type":"article","og_title":"Qui suis-je\u00a0? - Vanessa Guillou","og_description":"Di\u00e9t\u00e9ticienne depuis 1999, j\u2019ai acquis une exp\u00e9rience diversifi\u00e9e en travaillant avec des patients aux profils vari\u00e9s dans divers environnements : centre climatique sp\u00e9cialis\u00e9 dans l\u2019ob\u00e9sit\u00e9 infantile, comit\u00e9 d\u00e9partemental d\u2019\u00e9ducation pour la sant\u00e9, centre m\u00e9dico-sportif, centre cardio-vasculaire, h\u00f4pitaux, EHPAD, cliniques SSR et centre de r\u00e9\u00e9ducation fonctionnelle.","og_url":"https:\/\/www.vanessaguillou.fr\/index.php\/qui-suis-je\/","og_site_name":"Vanessa Guillou","article_publisher":"https:\/\/www.facebook.com\/VanessaGuillouDieteticienneNutritionniste","article_modified_time":"2024-08-19T21:09:02+00:00","og_image":[{"width":420,"height":431,"url":"https:\/\/www.vanessaguillou.fr\/wp-content\/uploads\/2024\/06\/portrait.png","type":"image\/png"}],"twitter_card":"summary_large_image","twitter_misc":{"Dur\u00e9e de lecture estim\u00e9e":"2 minutes"},"schema":{"@context":"https:\/\/schema.org","@graph":[{"@type":"WebPage","@id":"https:\/\/www.vanessaguillou.fr\/index.php\/qui-suis-je\/","url":"https:\/\/www.vanessaguillou.fr\/index.php\/qui-suis-je\/","name":"Qui suis-je\u00a0? - Vanessa Guillou","isPartOf":{"@id":"https:\/\/www.vanessaguillou.fr\/#website"},"primaryImageOfPage":{"@id":"https:\/\/www.vanessaguillou.fr\/index.php\/qui-suis-je\/#primaryimage"},"image":{"@id":"https:\/\/www.vanessaguillou.fr\/index.php\/qui-suis-je\/#primaryimage"},"thumbnailUrl":"https:\/\/www.vanessaguillou.fr\/wp-content\/uploads\/2024\/06\/portrait.png","datePublished":"2024-05-14T07:16:55+00:00","dateModified":"2024-08-19T21:09:02+00:00","description":"Di\u00e9t\u00e9ticienne depuis 1999, j\u2019ai acquis une exp\u00e9rience diversifi\u00e9e en travaillant avec des patients aux profils vari\u00e9s dans divers environnements : centre climatique sp\u00e9cialis\u00e9 dans l\u2019ob\u00e9sit\u00e9 infantile, comit\u00e9 d\u00e9partemental d\u2019\u00e9ducation pour la sant\u00e9, centre m\u00e9dico-sportif, centre cardio-vasculaire, h\u00f4pitaux, EHPAD, cliniques SSR et centre de r\u00e9\u00e9ducation fonctionnelle.","breadcrumb":{"@id":"https:\/\/www.vanessaguillou.fr\/index.php\/qui-suis-je\/#breadcrumb"},"inLanguage":"fr-FR","potentialAction":[{"@type":"ReadAction","target":["https:\/\/www.vanessaguillou.fr\/index.php\/qui-suis-je\/"]}]},{"@type":"ImageObject","inLanguage":"fr-FR","@id":"https:\/\/www.vanessaguillou.fr\/index.php\/qui-suis-je\/#primaryimage","url":"https:\/\/www.vanessaguillou.fr\/wp-content\/uploads\/2024\/06\/portrait.png","contentUrl":"https:\/\/www.vanessaguillou.fr\/wp-content\/uploads\/2024\/06\/portrait.png","width":420,"height":431},{"@type":"BreadcrumbList","@id":"https:\/\/www.vanessaguillou.fr\/index.php\/qui-suis-je\/#breadcrumb","itemListElement":[{"@type":"ListItem","position":1,"name":"Accueil","item":"https:\/\/www.vanessaguillou.fr\/"},{"@type":"ListItem","position":2,"name":"Qui suis-je\u00a0?"}]},{"@type":"WebSite","@id":"https:\/\/www.vanessaguillou.fr\/#website","url":"https:\/\/www.vanessaguillou.fr\/","name":"Vanessa Guillou, Di\u00e9t\u00e9ticienne nutrionniste","description":"Di\u00e9t\u00e9ticienne nutrionniste \u00e0 Plouhinec, Cap Sizun, Finist\u00e8re","publisher":{"@id":"https:\/\/www.vanessaguillou.fr\/#organization"},"alternateName":"Vanessa Guillou","potentialAction":[{"@type":"SearchAction","target":{"@type":"EntryPoint","urlTemplate":"https:\/\/www.vanessaguillou.fr\/?s={search_term_string}"},"query-input":{"@type":"PropertyValueSpecification","valueRequired":true,"valueName":"search_term_string"}}],"inLanguage":"fr-FR"},{"@type":"Organization","@id":"https:\/\/www.vanessaguillou.fr\/#organization","name":"Vanessa Guillou di\u00e9t\u00e9ticienne nutritionniste","alternateName":"Vanessa Guillou Diet 29","url":"https:\/\/www.vanessaguillou.fr\/","logo":{"@type":"ImageObject","inLanguage":"fr-FR","@id":"https:\/\/www.vanessaguillou.fr\/#\/schema\/logo\/image\/","url":"https:\/\/www.vanessaguillou.fr\/wp-content\/uploads\/2024\/07\/cropped-LOGO-rectangle-avec-Titre-scaled-1.jpg","contentUrl":"https:\/\/www.vanessaguillou.fr\/wp-content\/uploads\/2024\/07\/cropped-LOGO-rectangle-avec-Titre-scaled-1.jpg","width":2559,"height":702,"caption":"Vanessa Guillou di\u00e9t\u00e9ticienne nutritionniste"},"image":{"@id":"https:\/\/www.vanessaguillou.fr\/#\/schema\/logo\/image\/"},"sameAs":["https:\/\/www.facebook.com\/VanessaGuillouDieteticienneNutritionniste"]}]}},"jetpack_sharing_enabled":true,"_links":{"self":[{"href":"https:\/\/www.vanessaguillou.fr\/index.php\/wp-json\/wp\/v2\/pages\/38","targetHints":{"allow":["GET"]}}],"collection":[{"href":"https:\/\/www.vanessaguillou.fr\/index.php\/wp-json\/wp\/v2\/pages"}],"about":[{"href":"https:\/\/www.vanessaguillou.fr\/index.php\/wp-json\/wp\/v2\/types\/page"}],"author":[{"embeddable":true,"href":"https:\/\/www.vanessaguillou.fr\/index.php\/wp-json\/wp\/v2\/users\/1"}],"replies":[{"embeddable":true,"href":"https:\/\/www.vanessaguillou.fr\/index.php\/wp-json\/wp\/v2\/comments?post=38"}],"version-history":[{"count":24,"href":"https:\/\/www.vanessaguillou.fr\/index.php\/wp-json\/wp\/v2\/pages\/38\/revisions"}],"predecessor-version":[{"id":299,"href":"https:\/\/www.vanessaguillou.fr\/index.php\/wp-json\/wp\/v2\/pages\/38\/revisions\/299"}],"wp:featuredmedia":[{"embeddable":true,"href":"https:\/\/www.vanessaguillou.fr\/index.php\/wp-json\/wp\/v2\/media\/223"}],"wp:attachment":[{"href":"https:\/\/www.vanessaguillou.fr\/index.php\/wp-json\/wp\/v2\/media?parent=38"}],"curies":[{"name":"wp","href":"https:\/\/api.w.org\/{rel}","templated":true}]}}